{"id":7,"date":"2007-08-16T19:17:42","date_gmt":"2007-08-16T17:17:42","guid":{"rendered":"http:\/\/www.kopperhead.de\/cms\/gallery\/bands\/"},"modified":"2010-07-27T12:14:14","modified_gmt":"2010-07-27T10:14:14","slug":"bands","status":"publish","type":"page","link":"https:\/\/kopperhead.de\/cms\/gallery\/bands\/","title":{"rendered":"Bands"},"content":{"rendered":"<p> \tDer Ursprung meiner Arbeit. Das, mit dem Alles begann und was mich seither begleitet und zu Allem anderen gef\u00fchrt hat! Danke f\u00fcr das Vertrauen, das mir die Frankfurter Musikszene und deren Bands immerwieder entgegen gebracht haben, und mir h\u00e4ufig freie Hand gelassen haben in der Gestaltung der Photos!<\/p>\n<p><em>The origin of my work. It all began here and still stays with me since and leads me to everything else! Thanks for the trust that the Frankfurt music-scene and it&#8217;s bands have given me and in letting me do the pictures that I wanted to create!<\/em><\/p>\n<div class=\"mypicsgallery\"><a rel=\"lightbox[bands]\" href=\"https:\/\/kopperhead.de\/cms\/wp-content\/myfotos\/bands\/portrait_f08.jpg\"  title=\"overdose kids\"><img loading=\"lazy\"  width=\"150\" height=\"150\" src=\"https:\/\/kopperhead.de\/cms\/wp-content\/myfotos\/bands\/tumbs\/tmb_portrait_f08.jpg\" alt=\"overdose kids\" title=\"overdose kids\" \/><\/a><a rel=\"lightbox[bands]\" href=\"https:\/\/kopperhead.de\/cms\/wp-content\/myfotos\/bands\/portrait_f09.jpg\"  title=\"mudpuppy\"><img loading=\"lazy\"  width=\"150\" height=\"150\" src=\"https:\/\/kopperhead.de\/cms\/wp-content\/myfotos\/bands\/tumbs\/tmb_portrait_f09.jpg\" alt=\"mudpuppy\" title=\"mudpuppy\" \/><\/a><a rel=\"lightbox[bands]\" href=\"https:\/\/kopperhead.de\/cms\/wp-content\/myfotos\/bands\/portrait_f10.jpg\"  title=\"\"><img loading=\"lazy\"  width=\"150\" height=\"150\" src=\"https:\/\/kopperhead.de\/cms\/wp-content\/myfotos\/bands\/tumbs\/tmb_portrait_f10.jpg\" alt=\"\" title=\"\" \/><\/a><a rel=\"lightbox[bands]\" href=\"https:\/\/kopperhead.de\/cms\/wp-content\/myfotos\/bands\/portrait_f12.jpg\"  title=\"rinderwahnsinn\"><img loading=\"lazy\"  width=\"150\" height=\"150\" src=\"https:\/\/kopperhead.de\/cms\/wp-content\/myfotos\/bands\/tumbs\/tmb_portrait_f12.jpg\" alt=\"rinderwahnsinn\" title=\"rinderwahnsinn\" \/><\/a><a rel=\"lightbox[bands]\" href=\"https:\/\/kopperhead.de\/cms\/wp-content\/myfotos\/bands\/portrait_f15.jpg\"  title=\"toasted\"><img loading=\"lazy\"  width=\"150\" height=\"150\" src=\"https:\/\/kopperhead.de\/cms\/wp-content\/myfotos\/bands\/tumbs\/tmb_portrait_f15.jpg\" alt=\"toasted\" title=\"toasted\" \/><\/a><a rel=\"lightbox[bands]\" href=\"https:\/\/kopperhead.de\/cms\/wp-content\/myfotos\/bands\/portrait_f04.jpg\"  title=\"\"><img loading=\"lazy\"  width=\"150\" height=\"150\" src=\"https:\/\/kopperhead.de\/cms\/wp-content\/myfotos\/bands\/tumbs\/tmb_portrait_f04.jpg\" alt=\"\" title=\"\" \/><\/a><a rel=\"lightbox[bands]\" href=\"https:\/\/kopperhead.de\/cms\/wp-content\/myfotos\/bands\/portrait_f07.jpg\"  title=\"megalomaniax\"><img loading=\"lazy\"  width=\"150\" height=\"150\" src=\"https:\/\/kopperhead.de\/cms\/wp-content\/myfotos\/bands\/tumbs\/tmb_portrait_f07.jpg\" alt=\"megalomaniax\" title=\"megalomaniax\" \/><\/a><a rel=\"lightbox[bands]\" href=\"https:\/\/kopperhead.de\/cms\/wp-content\/myfotos\/bands\/42thebar.jpg\"  title=\"4 to the bar\"><img loading=\"lazy\"  width=\"102\" height=\"150\" src=\"https:\/\/kopperhead.de\/cms\/wp-content\/myfotos\/bands\/tumbs\/tmb_42thebar.jpg\" alt=\"4 to the bar\" title=\"4 to the bar\" \/><\/a><a rel=\"lightbox[bands]\" href=\"https:\/\/kopperhead.de\/cms\/wp-content\/myfotos\/bands\/deichkind.jpg\"  title=\"deichkind\"><img loading=\"lazy\"  width=\"150\" height=\"100\" src=\"https:\/\/kopperhead.de\/cms\/wp-content\/myfotos\/bands\/tumbs\/tmb_deichkind.jpg\" alt=\"deichkind\" title=\"deichkind\" \/><\/a><a rel=\"lightbox[bands]\" href=\"https:\/\/kopperhead.de\/cms\/wp-content\/myfotos\/bands\/mud.jpg\"  title=\"mudpuppy II\"><img loading=\"lazy\"  width=\"102\" height=\"150\" src=\"https:\/\/kopperhead.de\/cms\/wp-content\/myfotos\/bands\/tumbs\/tmb_mud.jpg\" alt=\"mudpuppy II\" title=\"mudpuppy II\" \/><\/a><a rel=\"lightbox[bands]\" href=\"https:\/\/kopperhead.de\/cms\/wp-content\/myfotos\/bands\/stereo1.jpg\"  title=\"Stereoblonde\"><img loading=\"lazy\"  width=\"150\" height=\"98\" src=\"https:\/\/kopperhead.de\/cms\/wp-content\/myfotos\/bands\/tumbs\/tmb_stereo1.jpg\" alt=\"Stereoblonde\" title=\"Stereoblonde\" \/><\/a><a rel=\"lightbox[bands]\" href=\"https:\/\/kopperhead.de\/cms\/wp-content\/myfotos\/bands\/a_kat_band.jpg\"  title=\"anselm und das katastrophenorchester\"><img loading=\"lazy\"  width=\"150\" height=\"100\" src=\"https:\/\/kopperhead.de\/cms\/wp-content\/myfotos\/bands\/tumbs\/tmb_a_kat_band.jpg\" alt=\"anselm und das katastrophenorchester\" title=\"anselm und das katastrophenorchester\" \/><\/a><a rel=\"lightbox[bands]\" href=\"https:\/\/kopperhead.de\/cms\/wp-content\/myfotos\/bands\/web_terr.jpg\"  title=\"terrible noises 2008 http:\/\/www.movisti.de\/\"><img loading=\"lazy\"  width=\"100\" height=\"150\" src=\"https:\/\/kopperhead.de\/cms\/wp-content\/myfotos\/bands\/tumbs\/tmb_web_terr.jpg\" alt=\"terrible noises 2008 http:\/\/www.movisti.de\/\" title=\"terrible noises 2008 http:\/\/www.movisti.de\/\" \/><\/a><a rel=\"lightbox[bands]\" href=\"https:\/\/kopperhead.de\/cms\/wp-content\/myfotos\/bands\/electricoutlet.jpg\"  title=\"electric outlet 2008\"><img loading=\"lazy\"  width=\"146\" height=\"150\" src=\"https:\/\/kopperhead.de\/cms\/wp-content\/myfotos\/bands\/tumbs\/tmb_electricoutlet.jpg\" alt=\"electric outlet 2008\" title=\"electric outlet 2008\" \/><\/a><a rel=\"lightbox[bands]\" href=\"https:\/\/kopperhead.de\/cms\/wp-content\/myfotos\/bands\/bea_web.jpg\"  title=\"you left me breathless 2008\"><img loading=\"lazy\"  width=\"102\" height=\"150\" src=\"https:\/\/kopperhead.de\/cms\/wp-content\/myfotos\/bands\/tumbs\/tmb_bea_web.jpg\" alt=\"you left me breathless 2008\" title=\"you left me breathless 2008\" \/><\/a><a rel=\"lightbox[bands]\" href=\"https:\/\/kopperhead.de\/cms\/wp-content\/myfotos\/bands\/ASP1web.jpg\"  title=\"ASP -fremd 2011\"><img loading=\"lazy\"  width=\"150\" height=\"112\" src=\"https:\/\/kopperhead.de\/cms\/wp-content\/myfotos\/bands\/tumbs\/tmb_ASP1web.jpg\" alt=\"ASP -fremd 2011\" title=\"ASP -fremd 2011\" \/><\/a><a rel=\"lightbox[bands]\" href=\"https:\/\/kopperhead.de\/cms\/wp-content\/myfotos\/bands\/ASP3web.jpg\"  title=\"ASP -fremd 2011\"><img loading=\"lazy\"  width=\"100\" height=\"150\" src=\"https:\/\/kopperhead.de\/cms\/wp-content\/myfotos\/bands\/tumbs\/tmb_ASP3web.jpg\" alt=\"ASP -fremd 2011\" title=\"ASP -fremd 2011\" \/><\/a><a rel=\"lightbox[bands]\" href=\"https:\/\/kopperhead.de\/cms\/wp-content\/myfotos\/bands\/ASP2web.jpg\"  title=\"ASP -fremd 2011\"><img loading=\"lazy\"  width=\"111\" height=\"150\" src=\"https:\/\/kopperhead.de\/cms\/wp-content\/myfotos\/bands\/tumbs\/tmb_ASP2web.jpg\" alt=\"ASP -fremd 2011\" title=\"ASP -fremd 2011\" \/><\/a><\/div>\n","protected":false},"excerpt":{"rendered":"<p> \tDer Ursprung meiner Arbeit. Das, mit dem Alles begann und was mich seither begleitet und zu Allem anderen gef\u00fchrt hat! Danke f\u00fcr das Vertrauen, das mir die Frankfurter Musikszene und deren Bands immerwieder entgegen gebracht haben, und mir h\u00e4ufig freie &hellip; <a href=\"https:\/\/kopperhead.de\/cms\/gallery\/bands\/\">Weiterlesen <span class=\"meta-nav\">&rarr;<\/span><\/a><\/p>\n","protected":false},"author":2,"featured_media":104,"parent":4,"menu_order":20,"comment_status":"closed","ping_status":"closed","template":"","meta":[],"_links":{"self":[{"href":"https:\/\/kopperhead.de\/cms\/wp-json\/wp\/v2\/pages\/7"}],"collection":[{"href":"https:\/\/kopperhead.de\/cms\/wp-json\/wp\/v2\/pages"}],"about":[{"href":"https:\/\/kopperhead.de\/cms\/wp-json\/wp\/v2\/types\/page"}],"author":[{"embeddable":true,"href":"https:\/\/kopperhead.de\/cms\/wp-json\/wp\/v2\/users\/2"}],"replies":[{"embeddable":true,"href":"https:\/\/kopperhead.de\/cms\/wp-json\/wp\/v2\/comments?post=7"}],"version-history":[{"count":5,"href":"https:\/\/kopperhead.de\/cms\/wp-json\/wp\/v2\/pages\/7\/revisions"}],"predecessor-version":[{"id":113,"href":"https:\/\/kopperhead.de\/cms\/wp-json\/wp\/v2\/pages\/7\/revisions\/113"}],"up":[{"embeddable":true,"href":"https:\/\/kopperhead.de\/cms\/wp-json\/wp\/v2\/pages\/4"}],"wp:featuredmedia":[{"embeddable":true,"href":"https:\/\/kopperhead.de\/cms\/wp-json\/wp\/v2\/media\/104"}],"wp:attachment":[{"href":"https:\/\/kopperhead.de\/cms\/wp-json\/wp\/v2\/media?parent=7"}],"curies":[{"name":"wp","href":"https:\/\/api.w.org\/{rel}","templated":true}]}}