{"id":3,"date":"2007-08-16T17:58:48","date_gmt":"2007-08-16T15:58:48","guid":{"rendered":"http:\/\/www.kopperhead.de\/cms\/about\/"},"modified":"2024-10-16T22:35:45","modified_gmt":"2024-10-16T20:35:45","slug":"about","status":"publish","type":"page","link":"https:\/\/kopperhead.de\/cms\/about\/","title":{"rendered":"About"},"content":{"rendered":"<p> \t<a title=\"katjasche\" rel=\"lightbox\" href=\"http:\/\/www.kopperhead.de\/cms\/wp-content\/uploads\/2007\/09\/self.jpg\"><img style=\"margin-bottom: 0.5em; margin-right: 1em;\" src=\"http:\/\/www.kopperhead.de\/cms\/wp-content\/uploads\/2007\/09\/self.thumbnail.jpg\" alt=\"katjasche\" align=\"left\" \/><\/a><\/p>\n<p>Geboren 1968 als Tochter des Grafikers Peter und der Dekorateurin Helga Ostermeyer. Bereits im zarten Alter von 7 Jahren okkupiert sie Mutters Kamera und gibt sie fortan ungern wieder zur\u00fcck. Mit der fr\u00fch aufkeimenden Liebe zum Rock&#8217;n&#8217;Roll und der Popmusik findet sich dann auch das Sujet f\u00fcr die Fotografien. Die Helden der Popularmusik in ihren besten Posen und Momenten werden fortan erstes Ziel der Fotojagd. Zun\u00e4chst aus Leidenschaft, die sp\u00e4ter auch immer wieder gerne in den Dienst von Musikzeitschriften, wie RockHard, Rockpower, Visions oder dem Bassmagazin gestellt wird.<\/p>\n<p>Das Grafikstudium schult das Auge und die bildkompositorischen Kenntnisse, doch schlu\u00dfendlich z\u00e4hlt der Moment und das Gef\u00fchl, den Ausl\u00f6ser in der richtigen Sekunde zu bet\u00e4tigen. Die ganz gro\u00dfe Vorliebe gilt den schwarz-wei\u00dfen Aufnahmen, die sich in der eigenen Dunkelkammer oder heutzutage in der Nachbearbeitung am Computer oft nochmals weiterentwickeln.<\/p>\n<p><em>&#8222;Born in 1968 as the daughter of graphicdesigner Peter and windowdresser Helga Ostermeyer. In the early age of 7 years she occupied mum&#8217;s camera and never bothered to give it back. The love for rock and popmusic then offered the perfect subject for her photographs. Those popmusic heros in their best poses and moments quickly became the target for her photohunt. In the beginning it was pure passion but soon musicmagazines like RockHard, Rockpower, Visions or the BassMagazine would use her pictures.<\/em> <em>Her graphicdesign-studies teach the eye and the ability to compose a good picture. But in the end it&#8217;s as always in rock&#8217;n&#8217;roll: you live for the right moment and the feeling to press the shutter in the perfect second. Black and white is the favorite medium, because by experimenting in the darkroom or on the computer, the prints often turn into one of a kind &#8211; almost like a painting.&#8220;<\/em><\/p>\n<p>Kopperhead Photography<br \/>\nKatja Ostermeyer<br \/>\nWielandstra\u00dfe 42H<br \/>\n60318 Frankfurt am Main<br \/>\nEmail: <a href=\"mailto:kopperhead@gmx.de\">kopperhead@gmx.de<\/a><\/p>\n","protected":false},"excerpt":{"rendered":"<p> \tGeboren 1968 als Tochter des Grafikers Peter und der Dekorateurin Helga Ostermeyer. Bereits im zarten Alter von 7 Jahren okkupiert sie Mutters Kamera und gibt sie fortan ungern wieder zur\u00fcck. Mit der fr\u00fch aufkeimenden Liebe zum Rock&#8217;n&#8217;Roll und der Popmusik &hellip; <a href=\"https:\/\/kopperhead.de\/cms\/about\/\">Weiterlesen <span class=\"meta-nav\">&rarr;<\/span><\/a><\/p>\n","protected":false},"author":2,"featured_media":0,"parent":0,"menu_order":60,"comment_status":"closed","ping_status":"closed","template":"","meta":[],"_links":{"self":[{"href":"https:\/\/kopperhead.de\/cms\/wp-json\/wp\/v2\/pages\/3"}],"collection":[{"href":"https:\/\/kopperhead.de\/cms\/wp-json\/wp\/v2\/pages"}],"about":[{"href":"https:\/\/kopperhead.de\/cms\/wp-json\/wp\/v2\/types\/page"}],"author":[{"embeddable":true,"href":"https:\/\/kopperhead.de\/cms\/wp-json\/wp\/v2\/users\/2"}],"replies":[{"embeddable":true,"href":"https:\/\/kopperhead.de\/cms\/wp-json\/wp\/v2\/comments?post=3"}],"version-history":[{"count":6,"href":"https:\/\/kopperhead.de\/cms\/wp-json\/wp\/v2\/pages\/3\/revisions"}],"predecessor-version":[{"id":330,"href":"https:\/\/kopperhead.de\/cms\/wp-json\/wp\/v2\/pages\/3\/revisions\/330"}],"wp:attachment":[{"href":"https:\/\/kopperhead.de\/cms\/wp-json\/wp\/v2\/media?parent=3"}],"curies":[{"name":"wp","href":"https:\/\/api.w.org\/{rel}","templated":true}]}}